t d be 5 + -4 + (-78)/2. What is the units digit of d/(3 - (4 + 1/(-2)))?
6
Let o = 630 - 620. What is the tens digit of o*738*(-7)/(-70)?
3
Suppose 2*t - 4 = x, 4*x = -2*t + 6*t. Suppose c - 305 = -4*c - 5*a, -x*a - 76 = -c. Suppose 10*j - 916 = c. What is the tens digit of j?
9
Let x(w) = w**2 + 19*w + 34. Let c be (2 - 1)/(70/(-34) + 2). Let d be x(c). Suppose 5*a = -0*a + 2*u + 379, d = -2*u + 6. What is the units digit of a?
7
Suppose 2*d - 6 + 2 = 0. Let j be ((-294)/(-4))/(13 + (-483)/42). Suppose -3*s + d*f + 581 = 0, -2*s + 5*f = -451 + j. What is the tens digit of s?
9
Let m(t) = -5*t**3 - 34*t**2 - 46*t + 5. Let k be m(-6). Suppose -z = -5*y + 1069, 5*z - 368 = -5*y + 707. Let w = y - k. What is the units digit of w?
7
Suppose -122101 = -18489*w + 18481*w + 289971. What is the thousands digit of w?
1
Let d be (-2038)/15 - (1 + 78/(-90)). Let f be d/(-51) - 2/(-6). Suppose -2*z = 5*t - 819, f*t + z - 492 = -0*t. What is the units digit of t?
5
Let d(r) = -13*r - 76. Let p be d(-6). Suppose -5*h + 3*f = -f - 2603, 0 = p*h + 5*f - 1061. What is the units digit of h?
3
Let f = -1133 + 1138. Let j(p) = p**3 - 6*p**2 + 2*p - 7. Let b be j(6). Suppose -5*t - 15 + 460 = -f*i, -b*i = 2*t - 164. What is the tens digit of t?
8
Suppose -53 = -11*n + 2. Suppose -290 = -n*r + 5*w, r - 6*w - 52 = -8*w. What is the tens digit of r?
5
Let h = 88882 - 48853. What is the hundreds digit of h?
0
Let o(q) be the second derivative of -207*q**5/5 - q**4/12 - q**3/3 - 114*q. What is the tens digit of o(-1)?
2
Suppose 0 = 131*s - 9608115 + 2103780. What is the hundreds digit of s?
2
Let h(l) = -319*l**3 + 26*l**2 + 152*l + 14. What is the tens digit of h(-6)?
4
Let d = -334 - -646. Suppose -4*c + d = -752. What is the tens digit of c?
6
Suppose -3*a - 4*f + 2924 = -14965, 5*a - 29902 = 3*f. What is the tens digit of a?
7
Let z(t) = 43*t - 12. Suppose -5*q = -31 - 9. Let u be z(q). Let a = u + -234. What is the tens digit of a?
9
Let s(c) = -c**3 + 18*c**2 + 3*c - 11. Suppose 0*o + 5*o = 420. Let t = 102 - o. What is the units digit of s(t)?
3
Suppose 93*j = -69*j + 3445864 + 1169840. What is the ten thousands digit of j?
2
Let u = 52 - 49. Suppose 4*t + 0*t = -k + 20, u*k - 3*t - 135 = 0. What is the tens digit of k?
4
Let a be (2/2 + -37)*(-828)/(-48). Let k = -369 - a. What is the units digit of k?
2
Let s(v) = -60*v + 6. Let m be s(3). Let p be 4960/(-60) - (-2)/(-6). Let w = p - m. What is the tens digit of w?
9
Let q be 1 + (254 - 4/(-12)*3). Let n = q + -70. What is the tens digit of n?
8
Let o be (-7)/(-1)*(-6)/(0 + -6). Suppose -345 = 4*x - o*x. Let v = -55 + x. What is the units digit of v?
0
Suppose 283695 = 3*d + 2*z, 6*d - 2*d + 2*z - 378262 = 0. What is the hundreds digit of d?
5
Let v(d) = d**2 + 12*d + 2. Let q be v(-12). Suppose -s = -2*b + 2213, q*s = b - 0*s - 1099. What is the hundreds digit of b?
1
What is the thousands digit of (3/(-9))/(12 - 481/39) - -19765?
9
Let b = 35939 - 20611. What is the ten thousands digit of b?
1
Let m be 11 - 5 - (2 - 2)/(-3). Suppose -m = 2*t - 4*u - 66, 3*u + 15 = 0. What is the units digit of t?
0
Suppose -3*n = -1252 - 5. Suppose -2*o + l + n = 3*o, 3*o + 3*l = 255. Suppose -o = -v - i + 47, -2*v - 4*i = -252. What is the tens digit of v?
3
Let g = 127 - 228. Let o = -60 - g. Suppose -2*w + a = -o, -w - 2*a - 2*a + 16 = 0. What is the tens digit of w?
2
Let y = -26 + 3732. What is the thousands digit of y?
3
Suppose -2*c + 55 = 3*c + 3*m, 4*c - 3*m = 44. Suppose 1288 = -10*r + c*r. What is the tens digit of ((-3)/(-2))/(21/r)?
9
Let r = 2612 + 2338. What is the hundreds digit of r?
9
Suppose 3790 = b + 3*n - 325, -2*n - 12378 = -3*b. What is the hundreds digit of b?
1
Let w = -24 + 32. What is the hundreds digit of 463 - (w - (0 - -8))?
4
Let t(h) = 3149*h**2 - 8*h + 9. What is the ten thousands digit of t(4)?
5
Suppose -3*b - 5*j = -9*j - 58, 5*b - 2*j - 92 = 0. Let z = -5 + 18. Suppose 470 = b*t - z*t. What is the units digit of t?
4
Suppose -2*s = 16*d - 22*d - 7794, -4*s + 15524 = 4*d. What is the thousands digit of s?
3
Suppose 0 = -7*h + 6*h - 24. Let l = 23 + h. What is the units digit of (532/4)/(0 - l)?
3
Let c be (-2088)/2*((-160)/15)/8. Suppose 0 = 4*r - c + 180. What is the hundreds digit of r?
3
Let n(f) = 850*f**2 + 128*f - 114. What is the tens digit of n(5)?
7
Suppose 7*t + 1255650 = 157*t. What is the thousands digit of t?
8
Suppose -5*q - 41 - 15 = 3*a, 5*a + 82 = 3*q. Let w(z) = -z**2 - 19*z - 33. Let c be w(a). What is the hundreds digit of (c/2)/((-15)/(-3210))?
1
Let b(c) = -49*c**3 - 5*c**2 + 13*c + 6. Let a be b(-8). Suppose 14678 = 9*l - a. What is the units digit of 4/10 - l/(-20)?
9
Let j(d) = d**2 - 10*d - 6. Let s be j(11). Let f be (-21)/(-35) - (-7)/s. Suppose 0 = 2*a + 3*x - 5*x - 60, 5*a + f*x = 129. What is the tens digit of a?
2
Let p(n) = -65*n + 120*n + 2 + 63*n**3 - 57*n. Let c(m) = m - 4. Let g be c(5). What is the units digit of p(g)?
3
Suppose 0 = f - 4*m - 0*m, 5*m = -4*f. Suppose 3*s - 336 = -3*t, -6*t + 11*t - 560 = -3*s. Suppose f*u = -4*u + t. What is the tens digit of u?
2
Let u(z) = z**2 - 21*z. Let o = -6 - -12. Let b(a) = 11*a - 41. Let x be b(o). What is the hundreds digit of u(x)?
1
Let g be 16 + -16 + (-2 - -2). Suppose g = -5*m + 24 - 4. Suppose 5*d = q + 2*d - 103, m*q + 2*d = 398. What is the tens digit of q?
0
Let v = 58 + -60. Let q be ((-56)/8)/7 - 0/v. Let k(y) = -112*y**3 - 2*y**2 - 2*y. What is the hundreds digit of k(q)?
1
Let l(p) = 57*p**2 - 19*p - 142. What is the tens digit of l(-10)?
4
Let c(a) = -6*a - 11 + 22*a - 16*a - 16*a. Let n be c(2). Let m = 154 + n. What is the units digit of m?
1
Suppose 2*m + 0*h - 17 = -3*h, -8 = -5*m + 4*h. Suppose m*d + 0 = 8. Suppose d*u - 85 = -5*r, 2*u - 45 = -4*r + 41. What is the tens digit of u?
4
Suppose 0 = -3*g + 3*z + 21, 0*g - 5*g - 3*z + 59 = 0. Suppose -6*q = -10*q + 304. Suppose 74*d + g = q*d. What is the units digit of d?
5
Let d(g) = 90*g**2 - 4*g - 95. What is the tens digit of d(16)?
8
What is the units digit of 3/(15/41875) - (-7 + (7 - 1))?
6
Let u = 3924 - 247. What is the thousands digit of u?
3
Suppose -31*v = -936140 - 1107132. What is the hundreds digit of v?
9
Let n(h) = -4*h**2 + 3*h - 2. Let x be n(-3). Let z = x + 67. Let b = z + 181. What is the units digit of b?
1
Let k be (11/(-2))/((-7)/14). Let d(c) = -7*c + k*c - 3*c + 24. What is the units digit of d(-15)?
9
Suppose 169466 = 7*t - 2*t + 2*s, 6 = 2*s. What is the units digit of t?
2
Let n(k) = k**3 - k - 202. Let s be n(0). Let b = s - -242. What is the tens digit of b?
4
Suppose 0 = -p - 5*a + 28, -5*p + 6 = -2*a + 1. Suppose 5*s - 5*z = 2575, -5*z + 891 = p*s - 662. What is the tens digit of s?
1
Suppose 44*v + 16 = 48*v. Suppose -d = -0*z + 3*z - 860, -3*z + 3413 = v*d. What is the tens digit of d?
5
Let y(j) = 2663*j - 1412. What is the units digit of y(5)?
3
Let w(u) = u**2 + 6*u + 2. Let d be w(-6). Suppose 4*n = -4*n + 32. Suppose n*b = -d*p + 576, -2*b - p + 276 = 3*p. What is the tens digit of b?
4
Let p = -472 + 705. Let x = p - 84. What is the units digit of x?
9
Let v(u) = u**3 - 3*u**2 + u. Let c be v(1). What is the units digit of c/((8/(-1942))/4)?
1
Let h = -6970 + 12632. What is the units digit of h?
2
Let q(l) = -6735*l + 1254. What is the units digit of q(-9)?
9
Let p(q) = -q**2 - 24*q + 122. Let r be p(-28). Suppose -4*v - 323 = 2*j - 2179, -5*v + r = 0. What is the hundreds digit of j?
9
Suppose -391 = -13*o - 66. Let y be ((-60)/o)/(4/(-30)). What is the units digit of (48/18)/(2/y)?
4
Let j = 112 + -100. Let a be (-54)/j*4/(-6). What is the tens digit of 10/a*(33 - -3)?
2
Suppose 37*m + 52*m - 14*m - 450450 = 0. What is the thousands digit of m?
6
Suppose 4*p + 7*o - 28 = 3*o, 0 = 5*p - 3*o - 19. Suppose 2573 = p*a + 163. What is the units digit of a?
2
Let l(m) = -56*m + 98. Let y(h) = 282*h - 490. Let k(u) = 11*l(u) + 2*y(u). What is the units digit of k(-6)?
0
Suppose 163*s = 148*s - 18990. Let m = s + 1916. What is the units digit of m?
0
Suppose -19994 + 10123 = -4*a + 29633. What is the units digit of a?
6
Let b = 24659 - 14770. What is the tens digit of b?
8
Suppose 7*z = -105 - 28. Let o(v) = v**3 + 22*v**2 - 37*v - 201. What is the tens digit of o(z)?
8
Suppose 0 = -39*c - c + 1244383 